{"id":6,"date":"2025-07-03T10:43:23","date_gmt":"2025-07-03T08:43:23","guid":{"rendered":"https:\/\/nowawww.zdpwegrow.pl\/?page_id=6"},"modified":"2026-02-04T09:46:25","modified_gmt":"2026-02-04T08:46:25","slug":"strona-glowna","status":"publish","type":"page","link":"https:\/\/zdpwegrow.pl\/","title":{"rendered":"Strona g\u0142\u00f3wna"},"content":{"rendered":"<ul>\n<li>\n<p>        <img decoding=\"async\" src=\"\/wp-content\/uploads\/2025\/10\/IMG_20200515_091903-scaled.jpg\" alt=\"\"><\/p>\n<\/li>\n<li>\n<p>        <img decoding=\"async\" src=\"\/wp-content\/uploads\/2025\/10\/IMG_20200515_102430-scaled.jpg\" alt=\"\"><\/p>\n<\/li>\n<li>\n<p>        <img decoding=\"async\" src=\"\/wp-content\/uploads\/2025\/10\/IMG_20200515_102640-scaled.jpg\" alt=\"\"><\/p>\n<\/li>\n<li>\n<p>        <img decoding=\"async\" src=\"\/wp-content\/uploads\/2025\/10\/IMG_20200517_181252-scaled.jpg\" alt=\"\"><\/p>\n<\/li>\n<\/ul>\n<div>\n<\/div>\n<ul>\n<li>\n<p>        <img decoding=\"async\" src=\"\/wp-content\/uploads\/2025\/07\/bip-logo-871x1024-kopia-255x300-1.png\" alt=\"\"><\/p>\n<h5>Biuletyn Informacji Publicznej<\/h5>\n<p><a href=\"https:\/\/zdpwegrow.bip.gov.pl\/\"><\/a><\/p>\n<\/li>\n<li>\n<p>        <img decoding=\"async\" src=\"\/wp-content\/uploads\/2025\/07\/powiatwegrowski-300x225-1.png\" alt=\"\"><\/p>\n<h5>Powiat W\u0119growski<\/h5>\n<p><a href=\"https:\/\/powiatwegrowski.pl\/\"><\/a><\/p>\n<\/li>\n<li>\n<p>        <img decoding=\"async\" src=\"\/wp-content\/uploads\/2025\/07\/pgdik-300x144-1.png\" alt=\"\"><\/p>\n<h5>Mapa Powiatu W\u0119growskiego<\/h5>\n<p><a href=\"https:\/\/wegrowski.e-mapa.net\/\"><\/a><\/p>\n<\/li>\n<li>\n<p>        <img decoding=\"async\" src=\"\/wp-content\/uploads\/2025\/07\/logo-2.png\" alt=\"\"><\/p>\n<h5>MZDW w Warszawie<\/h5>\n<p><a href=\"https:\/\/mzdw.pl\/pl\"><\/a><\/p>\n<\/li>\n<li>\n<p>        <img decoding=\"async\" src=\"\/wp-content\/uploads\/2025\/07\/gddkia.png\" alt=\"\"><\/p>\n<h5>GDDKiA<\/h5>\n<p><a href=\"https:\/\/www.gov.pl\/web\/gddkia\"><\/a><\/p>\n<\/li>\n<li>\n<p>        <img decoding=\"async\" src=\"\/wp-content\/uploads\/2025\/07\/herb_WEG.png\" alt=\"\"><\/p>\n<h5>UM W\u0119gr\u00f3w<\/h5>\n<p><a href=\"https:\/\/www.wegrow.com.pl\/\"><\/a><\/p>\n<\/li>\n<li>\n<p>        <img decoding=\"async\" src=\"\/wp-content\/uploads\/2025\/07\/header_logo.png\" alt=\"\"><\/p>\n<h5>UG \u0141och\u00f3w<\/h5>\n<p><a href=\"https:\/\/gminalochow.pl\/\"><\/a><\/p>\n<\/li>\n<li>\n<p>        <img decoding=\"async\" src=\"\/wp-content\/uploads\/2025\/07\/miedzna-254x300-1.png\" alt=\"\"><\/p>\n<h5>UG Miedzna<\/h5>\n<p><a href=\"https:\/\/gmina-miedzna.pl\/\"><\/a><\/p>\n<\/li>\n<li>\n<p>        <img decoding=\"async\" src=\"\/wp-content\/uploads\/2025\/07\/m_15e81d026be3c7.png\" alt=\"\"><\/p>\n<h5>UG Korytnica<\/h5>\n<p><a href=\"https:\/\/korytnica.pl\/\"><\/a><\/p>\n<\/li>\n<li>\n<p>        <img decoding=\"async\" src=\"\/wp-content\/uploads\/2025\/07\/1200px-POL_gmina_Stoczek_COA.svg-285x300-1.png\" alt=\"\"><\/p>\n<h5>UG Stoczek<\/h5>\n<p><a href=\"https:\/\/stoczek.net.pl\/\"><\/a><\/p>\n<\/li>\n<li>\n<p>        <img decoding=\"async\" src=\"\/wp-content\/uploads\/2025\/07\/1200px-POL_gmina_Wierzbno_COA.svg-249x300-2.png\" alt=\"\"><\/p>\n<h5>UG Wierzbno<\/h5>\n<p><a href=\"https:\/\/gminawierzbno.pl\/\"><\/a><\/p>\n<\/li>\n<li>\n<p>        <img decoding=\"async\" src=\"\/wp-content\/uploads\/2025\/07\/1200px-POL_gmina_Liw_COA.svg-222x300-1.png\" alt=\"\"><\/p>\n<h5>UG Liw<\/h5>\n<p><a href=\"http:\/\/www.liw.pl\/\"><\/a><\/p>\n<\/li>\n<li>\n<p>        <img decoding=\"async\" src=\"\/wp-content\/uploads\/2025\/07\/POL_gmina_Grebkow_COA.svg-245x300-1.png\" alt=\"\"><\/p>\n<h5>UG Gr\u0119bk\u00f3w<\/h5>\n<p><a href=\"https:\/\/grebkow.pl\/\"><\/a><\/p>\n<\/li>\n<li>\n<p>        <img decoding=\"async\" src=\"\/wp-content\/uploads\/2025\/07\/312455_gmpas_png_90_adaptiveresize_770x780-296x300-1.png\" alt=\"\"><\/p>\n<h5>Obszar Powiatu<\/h5>\n<p><a href=\"https:\/\/www.google.com\/maps\/place\/Powiat+w%C4%99growski\/@52.4447661,21.6698352,10z\/data=!4m6!3m5!1s0x471f175c497abeab:0x3029fb79438cb90!8m2!3d52.4242674!4d21.906323!16zL20vMGR0czZo?entry=ttu&#038;g_ep=EgoyMDI1MDYzMC4wIKXMDSoASAFQAw%3D%3D\"><\/a><\/p>\n<\/li>\n<li>\n<p>        <img decoding=\"async\" src=\"\/wp-content\/uploads\/2025\/07\/logo_facebook-150x150-1.png\" alt=\"\"><\/p>\n<h5>Facebook ZDP<\/h5>\n<p><a href=\"https:\/\/www.facebook.com\/zdpwegrow\/\"><\/a><\/p>\n<\/li>\n<li>\n<p>        <img decoding=\"async\" src=\"\/wp-content\/uploads\/2025\/07\/KPP-Wegrow-80x80-1.png\" alt=\"\"><\/p>\n<h5>KPP W\u0119gr\u00f3w<\/h5>\n<p><a href=\"https:\/\/mazowiecka.policja.gov.pl\/wwe\/\"><\/a><\/p>\n<\/li>\n<li>\n<p>        <img decoding=\"async\" src=\"\/wp-content\/uploads\/2025\/07\/PSP-wegrow-80x80-1.png\" alt=\"\"><\/p>\n<h5>PSP W\u0119gr\u00f3w<\/h5>\n<p><a href=\"https:\/\/www.gov.pl\/web\/kppsp-wegrow\"><\/a><\/p>\n<\/li>\n<li>\n<p>        <img decoding=\"async\" src=\"\/wp-content\/uploads\/2025\/08\/598_2016.09.12_KMZB_logo.jpg\" alt=\"\"><\/p>\n<h5>Mapa Zagro\u017ce\u0144<\/h5>\n<p><a href=\"https:\/\/mapy.geoportal.gov.pl\/iMapLite\/KMZBPublic.html#\"><\/a><\/p>\n<\/li>\n<\/ul>\n<p><!--more--><br \/>\n<!-- {\"type\":\"layout\",\"children\":[{\"type\":\"section\",\"props\":{\"image_position\":\"center-center\",\"padding_remove_bottom\":false,\"padding_remove_horizontal\":true,\"padding_remove_top\":false,\"style\":\"default\",\"title_breakpoint\":\"xl\",\"title_position\":\"top-left\",\"title_rotation\":\"left\",\"vertical_align\":\"middle\",\"width\":\"xlarge\"},\"children\":[{\"type\":\"row\",\"children\":[{\"type\":\"column\",\"props\":{\"image_position\":\"center-center\",\"position_sticky_breakpoint\":\"m\"},\"children\":[{\"type\":\"slideshow\",\"props\":{\"link_style\":\"default\",\"link_text\":\"Read more\",\"margin\":\"default\",\"meta_align\":\"below-title\",\"meta_element\":\"div\",\"meta_style\":\"text-meta\",\"nav\":\"dotnav\",\"nav_align\":\"center\",\"nav_below\":false,\"nav_breakpoint\":\"s\",\"nav_hover\":false,\"nav_position\":\"bottom-center\",\"nav_position_margin\":\"medium\",\"nav_vertical\":false,\"overlay_animation\":\"parallax\",\"overlay_position\":\"center-left\",\"show_content\":true,\"show_link\":true,\"show_meta\":true,\"show_thumbnail\":true,\"show_title\":true,\"slidenav\":\"default\",\"slidenav_breakpoint\":\"s\",\"slidenav_margin\":\"medium\",\"slidenav_outside_breakpoint\":\"xl\",\"slideshow_autoplay\":true,\"slideshow_autoplay_interval\":\"6\",\"slideshow_autoplay_pause\":true,\"slideshow_box_decoration\":\"default\",\"slideshow_height\":\"viewport\",\"slideshow_height_viewport\":40,\"slideshow_min_height\":\"300\",\"thumbnav_height\":\"75\",\"thumbnav_svg_color\":\"emphasis\",\"thumbnav_width\":\"100\",\"title_element\":\"h3\",\"title_hover_style\":\"reset\"},\"children\":[{\"type\":\"slideshow_item\",\"props\":{\"image\":\"wp-content\\\/uploads\\\/2025\\\/10\\\/IMG_20200515_091903-scaled.jpg\"}},{\"type\":\"slideshow_item\",\"props\":{\"image\":\"wp-content\\\/uploads\\\/2025\\\/10\\\/IMG_20200515_102430-scaled.jpg\"}},{\"type\":\"slideshow_item\",\"props\":{\"image\":\"wp-content\\\/uploads\\\/2025\\\/10\\\/IMG_20200515_102640-scaled.jpg\"}},{\"type\":\"slideshow_item\",\"props\":{\"image\":\"wp-content\\\/uploads\\\/2025\\\/10\\\/IMG_20200517_181252-scaled.jpg\"}}]}]}],\"props\":{\"margin_remove_bottom\":true,\"margin_remove_top\":true,\"padding_remove_horizontal\":true,\"width\":\"default\"}},{\"type\":\"row\",\"props\":{\"divider\":false,\"height_viewport\":50,\"layout\":\"2-3,1-3\",\"margin\":\"default\",\"margin_remove_top\":false,\"width\":\"default\"},\"children\":[{\"type\":\"column\",\"props\":{\"image_position\":\"center-center\",\"position_blend\":false,\"position_sticky_breakpoint\":\"m\",\"prevent_collapse\":false,\"width_medium\":\"2-3\"},\"children\":[{\"type\":\"button\",\"props\":{\"blend\":false,\"fullwidth\":true,\"grid_column_gap\":\"collapse\",\"grid_row_gap\":\"small\",\"margin\":\"small\",\"margin_remove_bottom\":false,\"margin_remove_top\":false,\"maxwidth\":\"medium\",\"status\":\"disabled\"},\"children\":[{\"type\":\"button_item\",\"props\":{\"button_style\":\"default\",\"content\":\"Informacja o ZDP\",\"dialog_layout\":\"modal\",\"dialog_offcanvas_flip\":true,\"icon_align\":\"left\",\"link\":\"?page_id=18\"}},{\"type\":\"button_item\",\"props\":{\"button_style\":\"default\",\"content\":\"Procedury, wnioski\",\"dialog_layout\":\"modal\",\"dialog_offcanvas_flip\":true,\"icon_align\":\"left\",\"link\":\"?page_id=28\"}},{\"type\":\"button_item\",\"props\":{\"button_style\":\"default\",\"content\":\"Wykaz sieci dr\\u00f3g\",\"dialog_layout\":\"modal\",\"dialog_offcanvas_flip\":true,\"icon_align\":\"left\",\"link\":\"?page_id=34\"}},{\"type\":\"button_item\",\"props\":{\"button_style\":\"default\",\"content\":\"Mapa sieci dr\\u00f3g\",\"dialog_layout\":\"modal\",\"dialog_offcanvas_flip\":true,\"icon_align\":\"left\",\"link\":\"?page_id=36\"}},{\"type\":\"button_item\",\"props\":{\"button_style\":\"default\",\"content\":\"BIP\",\"dialog_layout\":\"modal\",\"dialog_offcanvas_flip\":true,\"icon_align\":\"left\",\"link\":\"?page_id=24\"}},{\"type\":\"button_item\",\"props\":{\"button_style\":\"primary\",\"content\":\"Kontakt\",\"dialog_layout\":\"modal\",\"dialog_offcanvas_flip\":true,\"icon_align\":\"left\",\"link\":\"?page_id=16\"}},{\"type\":\"button_item\",\"props\":{\"button_style\":\"default\",\"content\":\"RODO\",\"dialog_layout\":\"modal\",\"dialog_offcanvas_flip\":true,\"icon_align\":\"left\",\"link\":\"?page_id=32\"}},{\"type\":\"button_item\",\"props\":{\"button_style\":\"default\",\"content\":\"Oferta pracy\",\"dialog_layout\":\"modal\",\"dialog_offcanvas_flip\":true,\"icon_align\":\"left\",\"link\":\"?page_id=26\"}},{\"type\":\"button_item\",\"props\":{\"button_style\":\"default\",\"content\":\"Zam\\u00f3wienia publiczne\",\"dialog_layout\":\"modal\",\"dialog_offcanvas_flip\":true,\"icon_align\":\"left\",\"link\":\"?page_id=14\"}},{\"type\":\"button_item\",\"props\":{\"button_style\":\"default\",\"content\":\"Utrudnienia drogowe\",\"dialog_layout\":\"modal\",\"dialog_offcanvas_flip\":true,\"icon_align\":\"left\",\"link\":\"?page_id=38\"}},{\"type\":\"button_item\",\"props\":{\"button_style\":\"default\",\"content\":\"Mapa utrudnie\\u0144\",\"dialog_layout\":\"modal\",\"dialog_offcanvas_flip\":true,\"icon_align\":\"left\",\"link\":\"?page_id=40\"}},{\"type\":\"button_item\",\"props\":{\"button_style\":\"default\",\"content\":\"Aktualne\",\"dialog_layout\":\"modal\",\"dialog_offcanvas_flip\":true,\"icon_align\":\"left\",\"link\":\"?page_id=42\"}},{\"type\":\"button_item\",\"props\":{\"button_style\":\"default\",\"content\":\"Archiwalne\",\"dialog_layout\":\"modal\",\"dialog_offcanvas_flip\":true,\"icon_align\":\"left\",\"link\":\"?page_id=44\"}},{\"type\":\"button_item\",\"props\":{\"button_style\":\"default\",\"content\":\"Mapa strony\",\"dialog_layout\":\"modal\",\"dialog_offcanvas_flip\":true,\"icon_align\":\"left\",\"link\":\".\"}}]},{\"type\":\"grid\",\"props\":{\"content_column_breakpoint\":\"m\",\"filter_align\":\"left\",\"filter_all\":true,\"filter_grid_breakpoint\":\"m\",\"filter_grid_width\":\"auto\",\"filter_position\":\"top\",\"filter_style\":\"tab\",\"grid_default\":\"1\",\"grid_large\":\"1\",\"grid_medium\":\"1\",\"grid_small\":\"1\",\"grid_xlarge\":\"1\",\"icon_width\":80,\"image_align\":\"top\",\"image_grid_breakpoint\":\"m\",\"image_grid_width\":\"1-2\",\"image_link\":false,\"image_svg_color\":\"emphasis\",\"item_animation\":true,\"lightbox_bg_close\":true,\"link_style\":\"primary\",\"link_text\":\"Czytaj wi\\u0119cej\",\"margin\":\"default\",\"meta_align\":\"below-title\",\"meta_element\":\"div\",\"meta_style\":\"text-meta\",\"show_content\":true,\"show_hover_image\":true,\"show_hover_video\":true,\"show_image\":true,\"show_link\":true,\"show_meta\":true,\"show_title\":true,\"show_video\":true,\"title_align\":\"top\",\"title_element\":\"h3\",\"title_grid_breakpoint\":\"m\",\"title_grid_width\":\"1-2\",\"title_hover_style\":\"reset\"},\"children\":[{\"type\":\"grid_item\",\"source\":{\"query\":{\"name\":\"posts.customPosts\",\"arguments\":{\"terms\":[3],\"category_operator\":\"IN\",\"post_tag_operator\":\"IN\",\"users\":[],\"users_operator\":\"IN\",\"offset\":0,\"limit\":10,\"order\":\"date\",\"order_direction\":\"DESC\"}},\"props\":{\"title\":{\"name\":\"title\"},\"meta\":{\"arguments\":{\"format\":\"list\",\"separator\":\"|\",\"link_style\":\"\",\"show_publish_date\":true,\"show_author\":true,\"show_comments\":true,\"show_taxonomy\":\"category\",\"date_format\":\"\"},\"name\":\"metaString\"},\"link\":{\"name\":\"link\"}}}}]}]},{\"type\":\"column\",\"props\":{\"image_position\":\"center-center\",\"position_sticky_breakpoint\":\"m\",\"width_medium\":\"1-3\"},\"children\":[{\"type\":\"button\",\"props\":{\"fullwidth\":true,\"grid_column_gap\":\"collapse\",\"grid_row_gap\":\"small\",\"margin\":\"default\",\"status\":\"disabled\",\"text_align\":\"center\"},\"children\":[{\"type\":\"button_item\",\"props\":{\"button_style\":\"default\",\"content\":\"Elektroniczna Skrzynka Podawcza\",\"dialog_layout\":\"modal\",\"dialog_offcanvas_flip\":true,\"icon_align\":\"left\",\"link\":\"https:\\\/\\\/login.gov.pl\\\/login\\\/login?ssot=o6khxs4z9fsfac0m5l9z\"}},{\"type\":\"button_item\",\"props\":{\"button_style\":\"default\",\"content\":\"Biuletyn Informacji Publicznej\",\"dialog_layout\":\"modal\",\"dialog_offcanvas_flip\":true,\"icon_align\":\"left\",\"link\":\"https:\\\/\\\/zdpwegrow.bip.gov.pl\\\/\"}},{\"type\":\"button_item\",\"props\":{\"button_style\":\"default\",\"content\":\"Powiat W\\u0119growski\",\"dialog_layout\":\"modal\",\"dialog_offcanvas_flip\":true,\"icon_align\":\"left\",\"link\":\"https:\\\/\\\/powiatwegrowski.pl\\\/\"}},{\"type\":\"button_item\",\"props\":{\"button_style\":\"default\",\"content\":\"Mapa Powiatu W\\u0119growskiego\",\"dialog_layout\":\"modal\",\"dialog_offcanvas_flip\":true,\"icon_align\":\"left\",\"link\":\"https:\\\/\\\/wegrowski.e-mapa.net\\\/\"}},{\"type\":\"button_item\",\"props\":{\"button_style\":\"default\",\"content\":\"MZDW w Warszawie\",\"dialog_layout\":\"modal\",\"dialog_offcanvas_flip\":true,\"icon_align\":\"left\",\"link\":\"https:\\\/\\\/mzdw.pl\\\/pl\"}},{\"type\":\"button_item\",\"props\":{\"button_style\":\"default\",\"content\":\"GDDKiA\",\"dialog_layout\":\"modal\",\"dialog_offcanvas_flip\":true,\"icon_align\":\"left\",\"link\":\"https:\\\/\\\/www.gov.pl\\\/web\\\/gddkia\"}},{\"type\":\"button_item\",\"props\":{\"button_style\":\"default\",\"content\":\"UM W\\u0119gr\\u00f3w\",\"dialog_layout\":\"modal\",\"dialog_offcanvas_flip\":true,\"icon_align\":\"left\",\"link\":\"https:\\\/\\\/www.wegrow.com.pl\\\/\"}},{\"type\":\"button_item\",\"props\":{\"button_style\":\"default\",\"content\":\"UG \\u0141och\\u00f3w\",\"dialog_layout\":\"modal\",\"dialog_offcanvas_flip\":true,\"icon_align\":\"left\",\"link\":\"https:\\\/\\\/gminalochow.pl\\\/\"}},{\"type\":\"button_item\",\"props\":{\"button_style\":\"default\",\"content\":\"UG Miedzna\",\"dialog_layout\":\"modal\",\"dialog_offcanvas_flip\":true,\"icon_align\":\"left\",\"link\":\"https:\\\/\\\/gmina-miedzna.pl\\\/\"}},{\"type\":\"button_item\",\"props\":{\"button_style\":\"default\",\"content\":\"UG Korytnica\",\"dialog_layout\":\"modal\",\"dialog_offcanvas_flip\":true,\"icon_align\":\"left\",\"link\":\"https:\\\/\\\/korytnica.pl\\\/\"}},{\"type\":\"button_item\",\"props\":{\"button_style\":\"default\",\"content\":\"UG Stoczek\",\"dialog_layout\":\"modal\",\"dialog_offcanvas_flip\":true,\"icon_align\":\"left\",\"link\":\"https:\\\/\\\/stoczek.net.pl\\\/\"}},{\"type\":\"button_item\",\"props\":{\"button_style\":\"default\",\"content\":\"UG Wierzbno\",\"dialog_layout\":\"modal\",\"dialog_offcanvas_flip\":true,\"icon_align\":\"left\",\"link\":\"https:\\\/\\\/gminawierzbno.pl\\\/\"}},{\"type\":\"button_item\",\"props\":{\"button_style\":\"default\",\"content\":\"UG Liw\",\"dialog_layout\":\"modal\",\"dialog_offcanvas_flip\":true,\"icon_align\":\"left\",\"link\":\"http:\\\/\\\/www.liw.pl\\\/\"}},{\"type\":\"button_item\",\"props\":{\"button_style\":\"default\",\"content\":\"UG Gr\\u0119bk\\u00f3w\",\"dialog_layout\":\"modal\",\"dialog_offcanvas_flip\":true,\"icon_align\":\"left\",\"link\":\"https:\\\/\\\/grebkow.pl\\\/\"}},{\"type\":\"button_item\",\"props\":{\"button_style\":\"default\",\"content\":\"Obszar Powiatu - mapy Google\",\"dialog_layout\":\"modal\",\"dialog_offcanvas_flip\":true,\"icon_align\":\"left\",\"link\":\"https:\\\/\\\/www.google.com\\\/maps\\\/place\\\/Powiat+w%C4%99growski\\\/@52.4447661,21.6698352,10z\\\/data=!4m6!3m5!1s0x471f175c497abeab:0x3029fb79438cb90!8m2!3d52.4242674!4d21.906323!16zL20vMGR0czZo?entry=ttu&g_ep=EgoyMDI1MDYzMC4wIKXMDSoASAFQAw%3D%3D\"}},{\"type\":\"button_item\",\"props\":{\"button_style\":\"default\",\"content\":\"Facebook ZDP\",\"dialog_layout\":\"modal\",\"dialog_offcanvas_flip\":true,\"icon_align\":\"left\",\"link\":\"https:\\\/\\\/www.facebook.com\\\/zdpwegrow\\\/\"}},{\"type\":\"button_item\",\"props\":{\"button_style\":\"default\",\"content\":\"KPP W\\u0119gr\\u00f3w\",\"dialog_layout\":\"modal\",\"dialog_offcanvas_flip\":true,\"icon_align\":\"left\",\"link\":\"https:\\\/\\\/mazowiecka.policja.gov.pl\\\/wwe\\\/\"}},{\"type\":\"button_item\",\"props\":{\"button_style\":\"default\",\"content\":\"PSP W\\u0119gr\\u00f3w\",\"dialog_layout\":\"modal\",\"dialog_offcanvas_flip\":true,\"icon_align\":\"left\",\"link\":\"https:\\\/\\\/www.gov.pl\\\/web\\\/kppsp-wegrow\"}}]},{\"type\":\"grid\",\"props\":{\"animation\":\"none\",\"blend\":false,\"content_column_breakpoint\":\"m\",\"filter_align\":\"left\",\"filter_all\":true,\"filter_grid_breakpoint\":\"m\",\"filter_grid_width\":\"auto\",\"filter_position\":\"top\",\"filter_style\":\"tab\",\"grid_column_align\":false,\"grid_column_gap\":\"small\",\"grid_default\":\"1\",\"grid_divider\":false,\"grid_large\":\"1\",\"grid_medium\":\"1\",\"grid_row_align\":false,\"grid_row_gap\":\"small\",\"grid_small\":\"1\",\"grid_xlarge\":\"1\",\"icon_width\":80,\"image_align\":\"left\",\"image_grid_breakpoint\":\"m\",\"image_grid_width\":\"1-3\",\"image_svg_color\":\"emphasis\",\"image_vertical_align\":true,\"image_width\":50,\"item_animation\":true,\"lightbox\":false,\"lightbox_bg_close\":true,\"link_fullwidth\":true,\"link_style\":\"\",\"link_target\":true,\"link_text\":\"\",\"margin\":\"default\",\"margin_remove_bottom\":false,\"margin_remove_top\":false,\"meta_align\":\"below-title\",\"meta_element\":\"div\",\"meta_style\":\"text-meta\",\"panel_link\":true,\"show_content\":true,\"show_hover_image\":true,\"show_hover_video\":true,\"show_image\":true,\"show_link\":true,\"show_meta\":true,\"show_title\":true,\"show_video\":true,\"title_align\":\"top\",\"title_element\":\"h5\",\"title_grid_breakpoint\":\"m\",\"title_grid_width\":\"1-2\",\"title_hover_style\":\"reset\"},\"children\":[{\"type\":\"grid_item\",\"props\":{\"image\":\"wp-content\\\/uploads\\\/2025\\\/07\\\/bip-logo-871x1024-kopia-255x300-1.png\",\"link\":\"https:\\\/\\\/zdpwegrow.bip.gov.pl\\\/\",\"title\":\"Biuletyn Informacji Publicznej\"}},{\"type\":\"grid_item\",\"props\":{\"image\":\"wp-content\\\/uploads\\\/2025\\\/07\\\/powiatwegrowski-300x225-1.png\",\"link\":\"https:\\\/\\\/powiatwegrowski.pl\\\/\",\"title\":\"Powiat W\\u0119growski\"}},{\"type\":\"grid_item\",\"props\":{\"image\":\"wp-content\\\/uploads\\\/2025\\\/07\\\/pgdik-300x144-1.png\",\"link\":\"https:\\\/\\\/wegrowski.e-mapa.net\\\/\",\"title\":\"Mapa Powiatu W\\u0119growskiego\"}},{\"type\":\"grid_item\",\"props\":{\"image\":\"wp-content\\\/uploads\\\/2025\\\/07\\\/logo-2.png\",\"link\":\"https:\\\/\\\/mzdw.pl\\\/pl\",\"title\":\"MZDW w Warszawie\"}},{\"type\":\"grid_item\",\"props\":{\"image\":\"wp-content\\\/uploads\\\/2025\\\/07\\\/gddkia.png\",\"link\":\"https:\\\/\\\/www.gov.pl\\\/web\\\/gddkia\",\"title\":\"GDDKiA\"}},{\"type\":\"grid_item\",\"props\":{\"image\":\"wp-content\\\/uploads\\\/2025\\\/07\\\/herb_WEG.png\",\"link\":\"https:\\\/\\\/www.wegrow.com.pl\\\/\",\"title\":\"UM W\\u0119gr\\u00f3w\"}},{\"type\":\"grid_item\",\"props\":{\"hover_image_focal_point\":\"center-left\",\"image\":\"wp-content\\\/uploads\\\/2025\\\/07\\\/header_logo.png\",\"image_focal_point\":\"top-left\",\"lightbox_image_focal_point\":\"top-left\",\"link\":\"https:\\\/\\\/gminalochow.pl\\\/\",\"title\":\"UG \\u0141och\\u00f3w\"}},{\"type\":\"grid_item\",\"props\":{\"image\":\"wp-content\\\/uploads\\\/2025\\\/07\\\/miedzna-254x300-1.png\",\"link\":\"https:\\\/\\\/gmina-miedzna.pl\\\/\",\"title\":\"UG Miedzna\"}},{\"type\":\"grid_item\",\"props\":{\"image\":\"wp-content\\\/uploads\\\/2025\\\/07\\\/m_15e81d026be3c7.png\",\"link\":\"https:\\\/\\\/korytnica.pl\\\/\",\"title\":\"UG Korytnica\"}},{\"type\":\"grid_item\",\"props\":{\"image\":\"wp-content\\\/uploads\\\/2025\\\/07\\\/1200px-POL_gmina_Stoczek_COA.svg-285x300-1.png\",\"link\":\"https:\\\/\\\/stoczek.net.pl\\\/\",\"title\":\"UG Stoczek\"}},{\"type\":\"grid_item\",\"props\":{\"image\":\"wp-content\\\/uploads\\\/2025\\\/07\\\/1200px-POL_gmina_Wierzbno_COA.svg-249x300-2.png\",\"link\":\"https:\\\/\\\/gminawierzbno.pl\\\/\",\"title\":\"UG Wierzbno\"}},{\"type\":\"grid_item\",\"props\":{\"image\":\"wp-content\\\/uploads\\\/2025\\\/07\\\/1200px-POL_gmina_Liw_COA.svg-222x300-1.png\",\"link\":\"http:\\\/\\\/www.liw.pl\\\/\",\"title\":\"UG Liw\"}},{\"type\":\"grid_item\",\"props\":{\"image\":\"wp-content\\\/uploads\\\/2025\\\/07\\\/POL_gmina_Grebkow_COA.svg-245x300-1.png\",\"link\":\"https:\\\/\\\/grebkow.pl\\\/\",\"title\":\"UG Gr\\u0119bk\\u00f3w\"}},{\"type\":\"grid_item\",\"props\":{\"image\":\"wp-content\\\/uploads\\\/2025\\\/07\\\/312455_gmpas_png_90_adaptiveresize_770x780-296x300-1.png\",\"link\":\"https:\\\/\\\/www.google.com\\\/maps\\\/place\\\/Powiat+w%C4%99growski\\\/@52.4447661,21.6698352,10z\\\/data=!4m6!3m5!1s0x471f175c497abeab:0x3029fb79438cb90!8m2!3d52.4242674!4d21.906323!16zL20vMGR0czZo?entry=ttu&g_ep=EgoyMDI1MDYzMC4wIKXMDSoASAFQAw%3D%3D\",\"title\":\"Obszar Powiatu\"}},{\"type\":\"grid_item\",\"props\":{\"image\":\"wp-content\\\/uploads\\\/2025\\\/07\\\/logo_facebook-150x150-1.png\",\"link\":\"https:\\\/\\\/www.facebook.com\\\/zdpwegrow\\\/\",\"title\":\"Facebook ZDP\"}},{\"type\":\"grid_item\",\"props\":{\"image\":\"wp-content\\\/uploads\\\/2025\\\/07\\\/KPP-Wegrow-80x80-1.png\",\"link\":\"https:\\\/\\\/mazowiecka.policja.gov.pl\\\/wwe\\\/\",\"title\":\"KPP W\\u0119gr\\u00f3w\"}},{\"type\":\"grid_item\",\"props\":{\"image\":\"wp-content\\\/uploads\\\/2025\\\/07\\\/PSP-wegrow-80x80-1.png\",\"link\":\"https:\\\/\\\/www.gov.pl\\\/web\\\/kppsp-wegrow\",\"title\":\"PSP W\\u0119gr\\u00f3w\"}},{\"type\":\"grid_item\",\"props\":{\"image\":\"wp-content\\\/uploads\\\/2025\\\/08\\\/598_2016.09.12_KMZB_logo.jpg\",\"link\":\"https:\\\/\\\/mapy.geoportal.gov.pl\\\/iMapLite\\\/KMZBPublic.html#\",\"title\":\"Mapa Zagro\\u017ce\\u0144\"}}],\"name\":\"menu prawe\"}]}]}]},{\"type\":\"section\",\"props\":{\"image_position\":\"center-center\",\"style\":\"default\",\"title_breakpoint\":\"xl\",\"title_position\":\"top-left\",\"title_rotation\":\"left\",\"vertical_align\":\"middle\",\"width\":\"default\"},\"children\":[{\"type\":\"row\",\"children\":[{\"type\":\"column\",\"props\":{\"image_position\":\"center-center\",\"position_sticky_breakpoint\":\"m\"}}]}]}],\"version\":\"4.5.28\"} --><\/p>\n","protected":false},"excerpt":{"rendered":"<p>Biuletyn Informacji Publicznej Powiat W\u0119growski Mapa Powiatu W\u0119growskiego MZDW w Warszawie GDDKiA UM W\u0119gr\u00f3w UG \u0141och\u00f3w UG Miedzna UG Korytnica UG Stoczek UG Wierzbno UG Liw UG Gr\u0119bk\u00f3w Obszar Powiatu Facebook ZDP KPP W\u0119gr\u00f3w PSP W\u0119gr\u00f3w Mapa Zagro\u017ce\u0144<\/p>\n","protected":false},"author":3,"featured_media":0,"parent":0,"menu_order":0,"comment_status":"closed","ping_status":"closed","template":"","meta":{"footnotes":""},"class_list":["post-6","page","type-page","status-publish","hentry"],"_links":{"self":[{"href":"https:\/\/zdpwegrow.pl\/index.php?rest_route=\/wp\/v2\/pages\/6","targetHints":{"allow":["GET"]}}],"collection":[{"href":"https:\/\/zdpwegrow.pl\/index.php?rest_route=\/wp\/v2\/pages"}],"about":[{"href":"https:\/\/zdpwegrow.pl\/index.php?rest_route=\/wp\/v2\/types\/page"}],"author":[{"embeddable":true,"href":"https:\/\/zdpwegrow.pl\/index.php?rest_route=\/wp\/v2\/users\/3"}],"replies":[{"embeddable":true,"href":"https:\/\/zdpwegrow.pl\/index.php?rest_route=%2Fwp%2Fv2%2Fcomments&post=6"}],"version-history":[{"count":117,"href":"https:\/\/zdpwegrow.pl\/index.php?rest_route=\/wp\/v2\/pages\/6\/revisions"}],"predecessor-version":[{"id":876,"href":"https:\/\/zdpwegrow.pl\/index.php?rest_route=\/wp\/v2\/pages\/6\/revisions\/876"}],"wp:attachment":[{"href":"https:\/\/zdpwegrow.pl\/index.php?rest_route=%2Fwp%2Fv2%2Fmedia&parent=6"}],"curies":[{"name":"wp","href":"https:\/\/api.w.org\/{rel}","templated":true}]}}